{"id":2,"date":"2024-04-16T21:42:24","date_gmt":"2024-04-16T19:42:24","guid":{"rendered":"http:\/\/lessourcescitoyennes.fr\/?page_id=2"},"modified":"2024-07-13T16:30:59","modified_gmt":"2024-07-13T14:30:59","slug":"page-d-exemple","status":"publish","type":"page","link":"https:\/\/lessourcescitoyennes.fr\/index.php\/page-d-exemple\/","title":{"rendered":"Propret\u00e9, s\u00e9curit\u00e9, accessibilit\u00e9 et patrimoine"},"content":{"rendered":"\n<p style=\"font-size:15px\">Levier majeur de l\u2019attractivit\u00e9 d&rsquo;un territoire, <strong>le cadre de vie est devenu un enjeu incontournable<\/strong> des politiques publiques territoriales. Certaines villes en ont fait le socle d\u2019une strat\u00e9gie globale de d\u00e9veloppement, de promotion et d\u2019image.<\/p>\n\n\n\n<p style=\"font-size:15px\">Le travail sur le cadre de vie permet de construire une vision partag\u00e9e et id\u00e9ale de la commune au travers des sujets importants et sensibles aux yeux des habitants comme <em>la propret\u00e9 de la ville<\/em>, <em>la s\u00e9curit\u00e9 des biens et des personnes<\/em>, <em>l&rsquo;accessibilit\u00e9 du domaine public pour tous<\/em> ou <em>l&rsquo;entretien et l&#8217;embellissement du patrimoine communal.<\/em><\/p>\n\n\n\n<h2 class=\"wp-block-heading\">La propret\u00e9 de la ville : un travail quotidien<\/h2>\n\n\n\n<p style=\"font-size:15px\">La propret\u00e9 fait partie int\u00e9grante des probl\u00e9matiques d\u2019urbanisme de chaque municipalit\u00e9 en France. Ce sujet est tr\u00e8s important, car le niveau de propret\u00e9 d\u2019une ville impacte \u00e0 la fois les habitants, mais \u00e9galement les personnes de passage.<\/p>\n\n\n\n<p style=\"font-size:15px\">La propret\u00e9 des lieux publics <strong>repose sur le comportement et le civisme des citoyens, ainsi que sur le travail quotidien des agents municipaux<\/strong>. N\u00e9anmoins, afin que les habitants puissent apporter leur pierre \u00e0 l&rsquo;\u00e9difice, la ville doit leur apporter les \u00e9quipements n\u00e9cessaires \u00e0 la collecte des d\u00e9chets. Ce n&rsquo;est qu&rsquo;\u00e0 partir de ce stade que les villes peuvent mettre en place des chartes citoyennes comme \u00e0 Nantes <a href=\"https:\/\/metropole.nantes.fr\/services\/dechets-proprete-eau-energie\/proprete\/ville-propre#serviceTocEntry0\" data-type=\"link\" data-id=\"https:\/\/metropole.nantes.fr\/services\/dechets-proprete-eau-energie\/proprete\/ville-propre#serviceTocEntry0\" target=\"_blank\" rel=\"noreferrer noopener\">lien ici<\/a><\/p>\n\n\n\n<blockquote class=\"wp-block-quote is-layout-flow wp-block-quote-is-layout-flow\">\n<figure class=\"wp-block-gallery has-nested-images columns-default is-cropped wp-block-gallery-1 is-layout-flex wp-block-gallery-is-layout-flex\">\n<figure class=\"wp-block-image size-large\"><img loading=\"lazy\" decoding=\"async\" width=\"450\" height=\"300\" data-id=\"687\" src=\"https:\/\/lessourcescitoyennes.fr\/wp-content\/uploads\/2024\/07\/une-femme-ramasse-et-met-une-bouteille-en-plastique-usagee-dans-un-sac-poubelle.jpg\" alt=\"\" class=\"wp-image-687\" srcset=\"https:\/\/lessourcescitoyennes.fr\/wp-content\/uploads\/2024\/07\/une-femme-ramasse-et-met-une-bouteille-en-plastique-usagee-dans-un-sac-poubelle.jpg 450w, https:\/\/lessourcescitoyennes.fr\/wp-content\/uploads\/2024\/07\/une-femme-ramasse-et-met-une-bouteille-en-plastique-usagee-dans-un-sac-poubelle-300x200.jpg 300w\" sizes=\"auto, (max-width: 450px) 100vw, 450px\" \/><\/figure>\n<\/figure>\n<\/blockquote>\n\n\n\n<h2 class=\"wp-block-heading\">Le patrimoine communal<\/h2>\n\n\n\n<p style=\"font-size:15px\">Il gomme les principaux motifs d&rsquo;insatisfaction d&rsquo;une ville pour les habitants ou les acteurs \u00e9conomiques que sont le manque d&rsquo;attractivit\u00e9 ou de dynamisme, les probl\u00e8mes d&rsquo;accessibilit\u00e9 ou de mobilit\u00e9s, la salet\u00e9 et le manque d&rsquo;entretien.<\/p>\n\n\n\n<div class=\"wp-block-columns is-layout-flex wp-container-core-columns-is-layout-9d6595d7 wp-block-columns-is-layout-flex\">\n<div class=\"wp-block-column is-layout-flow wp-block-column-is-layout-flow\" style=\"flex-basis:66.66%\">\n<figure class=\"wp-block-gallery has-nested-images columns-default is-cropped wp-block-gallery-2 is-layout-flex wp-block-gallery-is-layout-flex\">\n<figure class=\"wp-block-image size-large\"><img loading=\"lazy\" decoding=\"async\" width=\"567\" height=\"425\" data-id=\"697\" src=\"https:\/\/lessourcescitoyennes.fr\/wp-content\/uploads\/2024\/07\/maison-des-jeunes-pulnoy-2.jpg\" alt=\"\" class=\"wp-image-697\" srcset=\"https:\/\/lessourcescitoyennes.fr\/wp-content\/uploads\/2024\/07\/maison-des-jeunes-pulnoy-2.jpg 567w, https:\/\/lessourcescitoyennes.fr\/wp-content\/uploads\/2024\/07\/maison-des-jeunes-pulnoy-2-300x225.jpg 300w\" sizes=\"auto, (max-width: 567px) 100vw, 567px\" \/><figcaption class=\"wp-element-caption\"><strong>La maison des jeunes en plein c\u0153ur du centre bourg : le parfait exemple de r\u00e9novation et d&rsquo;entretien du patrimoine communal<\/strong><\/figcaption><\/figure>\n<\/figure>\n<\/div>\n\n\n\n<div class=\"wp-block-column is-layout-flow wp-block-column-is-layout-flow\" style=\"flex-basis:33.33%\">\n<figure class=\"wp-block-gallery has-nested-images columns-default is-cropped wp-block-gallery-3 is-layout-flex wp-block-gallery-is-layout-flex\">\n<figure class=\"wp-block-image size-large\"><img loading=\"lazy\" decoding=\"async\" width=\"283\" height=\"213\" data-id=\"698\" src=\"https:\/\/lessourcescitoyennes.fr\/wp-content\/uploads\/2024\/07\/BD_belin.jpg\" alt=\"\" class=\"wp-image-698\"\/><figcaption class=\"wp-element-caption\"><strong>Le corps de b\u00e2timent englobant le projet de la ferme Belin<\/strong><\/figcaption><\/figure>\n<\/figure>\n\n\n\n<figure class=\"wp-block-gallery has-nested-images columns-default is-cropped wp-block-gallery-4 is-layout-flex wp-block-gallery-is-layout-flex\">\n<figure class=\"wp-block-image size-large\"><img loading=\"lazy\" decoding=\"async\" width=\"500\" height=\"429\" data-id=\"699\" src=\"https:\/\/lessourcescitoyennes.fr\/wp-content\/uploads\/2024\/07\/LeLys6.jpg\" alt=\"\" class=\"wp-image-699\" srcset=\"https:\/\/lessourcescitoyennes.fr\/wp-content\/uploads\/2024\/07\/LeLys6.jpg 500w, https:\/\/lessourcescitoyennes.fr\/wp-content\/uploads\/2024\/07\/LeLys6-300x257.jpg 300w\" sizes=\"auto, (max-width: 500px) 100vw, 500px\" \/><figcaption class=\"wp-element-caption\"><strong>La sculpture de 4,40 m\u00e8tres de haut \u00ab\u00a0le lys\u00a0\u00bb aujourd&rsquo;hui install\u00e9e au c\u0153ur du rond point Schumann<\/strong><\/figcaption><\/figure>\n<\/figure>\n<\/div>\n<\/div>\n\n\n\n<h2 class=\"wp-block-heading\">L&rsquo;accessibilit\u00e9 <\/h2>\n\n\n\n<p style=\"font-size:15px\">En France, environ 12 millions de personnes de plus de 16 ans sont confront\u00e9es \u00e0 une forme de handicap et pr\u00e8s de 30 % de la population aura plus de 60 ans en 2030. Or, les obstacles rencontr\u00e9s par ces publics aux besoins sp\u00e9cifiques r\u00e9v\u00e8lent souvent des dysfonctionnements et des g\u00eanes pour tout un chacun. <strong>Assurer l\u2019accessibilit\u00e9 de la cha\u00eene des d\u00e9placements renforce l\u2019attractivit\u00e9 du territoire et r\u00e9pond \u00e0 une exigence sociale croissante.<\/strong><\/p>\n\n\n\n<div class=\"wp-block-columns is-layout-flex wp-container-core-columns-is-layout-9d6595d7 wp-block-columns-is-layout-flex\">\n<div class=\"wp-block-column is-layout-flow wp-block-column-is-layout-flow\">\n<figure class=\"wp-block-gallery has-nested-images columns-default is-cropped wp-block-gallery-5 is-layout-flex wp-block-gallery-is-layout-flex\">\n<figure class=\"wp-block-image size-large\"><img loading=\"lazy\" decoding=\"async\" width=\"1024\" height=\"576\" data-id=\"689\" src=\"https:\/\/lessourcescitoyennes.fr\/wp-content\/uploads\/2024\/07\/accessiblite-a-tous-1024x576.jpg\" alt=\"\" class=\"wp-image-689\" srcset=\"https:\/\/lessourcescitoyennes.fr\/wp-content\/uploads\/2024\/07\/accessiblite-a-tous-1024x576.jpg 1024w, https:\/\/lessourcescitoyennes.fr\/wp-content\/uploads\/2024\/07\/accessiblite-a-tous-300x169.jpg 300w, https:\/\/lessourcescitoyennes.fr\/wp-content\/uploads\/2024\/07\/accessiblite-a-tous-768x432.jpg 768w, https:\/\/lessourcescitoyennes.fr\/wp-content\/uploads\/2024\/07\/accessiblite-a-tous.jpg 1200w\" sizes=\"auto, (max-width: 1024px) 100vw, 1024px\" \/><\/figure>\n<\/figure>\n\n\n\n<figure class=\"wp-block-gallery has-nested-images columns-default is-cropped wp-block-gallery-6 is-layout-flex wp-block-gallery-is-layout-flex\">\n<figure class=\"wp-block-image size-large\"><img loading=\"lazy\" decoding=\"async\" width=\"1024\" height=\"576\" data-id=\"702\" src=\"https:\/\/lessourcescitoyennes.fr\/wp-content\/uploads\/2024\/07\/Personnes-agees-accessibilite-ville-1024x576.jpeg\" alt=\"\" class=\"wp-image-702\" srcset=\"https:\/\/lessourcescitoyennes.fr\/wp-content\/uploads\/2024\/07\/Personnes-agees-accessibilite-ville-1024x576.jpeg 1024w, https:\/\/lessourcescitoyennes.fr\/wp-content\/uploads\/2024\/07\/Personnes-agees-accessibilite-ville-300x169.jpeg 300w, https:\/\/lessourcescitoyennes.fr\/wp-content\/uploads\/2024\/07\/Personnes-agees-accessibilite-ville-768x432.jpeg 768w, https:\/\/lessourcescitoyennes.fr\/wp-content\/uploads\/2024\/07\/Personnes-agees-accessibilite-ville.jpeg 1200w\" sizes=\"auto, (max-width: 1024px) 100vw, 1024px\" \/><figcaption class=\"wp-element-caption\"><strong>Une ville accessible \u00e0 tous et \u00e0 tous les ages<\/strong><\/figcaption><\/figure>\n<\/figure>\n<\/div>\n\n\n\n<div class=\"wp-block-column is-layout-flow wp-block-column-is-layout-flow\">\n<figure class=\"wp-block-gallery has-nested-images columns-default is-cropped wp-block-gallery-7 is-layout-flex wp-block-gallery-is-layout-flex\">\n<figure class=\"wp-block-image size-large is-style-default\"><img loading=\"lazy\" decoding=\"async\" width=\"1024\" height=\"458\" data-id=\"690\" src=\"https:\/\/lessourcescitoyennes.fr\/wp-content\/uploads\/2024\/07\/amenagement-construction-espace-public-ville-geneve-cover_0-1024x458.jpg\" alt=\"\" class=\"wp-image-690\" srcset=\"https:\/\/lessourcescitoyennes.fr\/wp-content\/uploads\/2024\/07\/amenagement-construction-espace-public-ville-geneve-cover_0-1024x458.jpg 1024w, https:\/\/lessourcescitoyennes.fr\/wp-content\/uploads\/2024\/07\/amenagement-construction-espace-public-ville-geneve-cover_0-300x134.jpg 300w, https:\/\/lessourcescitoyennes.fr\/wp-content\/uploads\/2024\/07\/amenagement-construction-espace-public-ville-geneve-cover_0-768x343.jpg 768w, https:\/\/lessourcescitoyennes.fr\/wp-content\/uploads\/2024\/07\/amenagement-construction-espace-public-ville-geneve-cover_0.jpg 1280w\" sizes=\"auto, (max-width: 1024px) 100vw, 1024px\" \/><figcaption class=\"wp-element-caption\"><strong>Des rev\u00eatements de sols \u00e9tudi\u00e9s<\/strong><\/figcaption><\/figure>\n<\/figure>\n\n\n\n<figure class=\"wp-block-gallery has-nested-images columns-default is-cropped wp-block-gallery-8 is-layout-flex wp-block-gallery-is-layout-flex\">\n<figure class=\"wp-block-image size-large\"><img loading=\"lazy\" decoding=\"async\" width=\"567\" height=\"425\" data-id=\"700\" src=\"https:\/\/lessourcescitoyennes.fr\/wp-content\/uploads\/2024\/07\/maison-des-jeunes-pulnoy-3.jpg\" alt=\"\" class=\"wp-image-700\" srcset=\"https:\/\/lessourcescitoyennes.fr\/wp-content\/uploads\/2024\/07\/maison-des-jeunes-pulnoy-3.jpg 567w, https:\/\/lessourcescitoyennes.fr\/wp-content\/uploads\/2024\/07\/maison-des-jeunes-pulnoy-3-300x225.jpg 300w\" sizes=\"auto, (max-width: 567px) 100vw, 567px\" \/><figcaption class=\"wp-element-caption\"><strong>Installation d&rsquo;une rampe d&rsquo;acc\u00e8s pour les personnes \u00e0 mobilit\u00e9 r\u00e9duite lors de la r\u00e9novation de la maison des jeunes<\/strong><\/figcaption><\/figure>\n<\/figure>\n<\/div>\n<\/div>\n\n\n\n<h2 class=\"wp-block-heading\">La s\u00e9curit\u00e9 urbaine : diverses mani\u00e8res de l\u2019appr\u00e9hender<\/h2>\n\n\n\n<div class=\"wp-block-columns is-layout-flex wp-container-core-columns-is-layout-9d6595d7 wp-block-columns-is-layout-flex\">\n<div class=\"wp-block-column is-layout-flow wp-block-column-is-layout-flow\">\n<p style=\"font-size:15px\">Installations de cam\u00e9ras de surveillance, politique sur la mobilit\u00e9, politique de refondation sociale, etc.  Face \u00e0 ces politiques diversifi\u00e9es, quelles sont les r\u00e9ponses les plus appropri\u00e9es pour r\u00e9pondre au besoin de s\u00e9curit\u00e9 ?<\/p>\n\n\n\n<p style=\"font-size:15px\">La ville se barricade et fait preuve de plus d\u2019agressivit\u00e9 \u00e0 mesure que les altercations se multiplient. Le risque est d\u2019accentuer le clivage entre forces de l\u2019ordre et les citoyens. Pour \u00e9viter cela, un am\u00e9nagement adapt\u00e9 et rassurant des espaces urbains est un premier pas pour enrayer les \u00e9ventuelles menaces.  La conception d&rsquo;un espace s\u00e9curis\u00e9 sans passer par l&rsquo;implantation de dispositifs de protection peut rem\u00e9dier \u00e0 certaines situations d&rsquo;ins\u00e9curit\u00e9 et \u00e9liminer les risques de friction sociale et humaine rencontr\u00e9es dans les villes. <\/p>\n<\/div>\n\n\n\n<div class=\"wp-block-column is-layout-flow wp-block-column-is-layout-flow\">\n<figure class=\"wp-block-gallery has-nested-images columns-default is-cropped wp-block-gallery-9 is-layout-flex wp-block-gallery-is-layout-flex\">\n<figure class=\"wp-block-image size-large\"><img loading=\"lazy\" decoding=\"async\" width=\"1024\" height=\"680\" data-id=\"711\" src=\"https:\/\/lessourcescitoyennes.fr\/wp-content\/uploads\/2024\/07\/circulation-apaisee-zone-pietonne-1024x680.jpg\" alt=\"\" class=\"wp-image-711\" srcset=\"https:\/\/lessourcescitoyennes.fr\/wp-content\/uploads\/2024\/07\/circulation-apaisee-zone-pietonne-1024x680.jpg 1024w, https:\/\/lessourcescitoyennes.fr\/wp-content\/uploads\/2024\/07\/circulation-apaisee-zone-pietonne-300x199.jpg 300w, https:\/\/lessourcescitoyennes.fr\/wp-content\/uploads\/2024\/07\/circulation-apaisee-zone-pietonne-768x510.jpg 768w, https:\/\/lessourcescitoyennes.fr\/wp-content\/uploads\/2024\/07\/circulation-apaisee-zone-pietonne-1536x1020.jpg 1536w, https:\/\/lessourcescitoyennes.fr\/wp-content\/uploads\/2024\/07\/circulation-apaisee-zone-pietonne-2048x1361.jpg 2048w\" sizes=\"auto, (max-width: 1024px) 100vw, 1024px\" \/><\/figure>\n<\/figure>\n\n\n\n<figure class=\"wp-block-gallery has-nested-images columns-default is-cropped wp-block-gallery-10 is-layout-flex wp-block-gallery-is-layout-flex\">\n<figure class=\"wp-block-image size-large\"><img loading=\"lazy\" decoding=\"async\" width=\"1024\" height=\"679\" data-id=\"714\" src=\"https:\/\/lessourcescitoyennes.fr\/wp-content\/uploads\/2024\/07\/staying-alive-app-iphone-2-1024x679.jpg\" alt=\"\" class=\"wp-image-714\" srcset=\"https:\/\/lessourcescitoyennes.fr\/wp-content\/uploads\/2024\/07\/staying-alive-app-iphone-2-1024x679.jpg 1024w, https:\/\/lessourcescitoyennes.fr\/wp-content\/uploads\/2024\/07\/staying-alive-app-iphone-2-300x199.jpg 300w, https:\/\/lessourcescitoyennes.fr\/wp-content\/uploads\/2024\/07\/staying-alive-app-iphone-2-768x510.jpg 768w, https:\/\/lessourcescitoyennes.fr\/wp-content\/uploads\/2024\/07\/staying-alive-app-iphone-2-1536x1019.jpg 1536w, https:\/\/lessourcescitoyennes.fr\/wp-content\/uploads\/2024\/07\/staying-alive-app-iphone-2.jpg 1860w\" sizes=\"auto, (max-width: 1024px) 100vw, 1024px\" \/><figcaption class=\"wp-element-caption\"><strong>Des applications d\u00e9di\u00e9es indiquent la localisation d\u2019\u00e9quipements de sant\u00e9 comme les d\u00e9fibrillateurs<\/strong><\/figcaption><\/figure>\n<\/figure>\n<\/div>\n<\/div>\n","protected":false},"excerpt":{"rendered":"<p>Levier majeur de l\u2019attractivit\u00e9 d&rsquo;un territoire, le cadre de vie est devenu un enjeu incontournable des politiques publiques territoriales. Certaines villes en ont fait le socle d\u2019une strat\u00e9gie globale de d\u00e9veloppement, de promotion et d\u2019image. Le travail sur le cadre de vie permet de construire une vision partag\u00e9e et id\u00e9ale de la commune au travers [&hellip;]<\/p>\n","protected":false},"author":1,"featured_media":688,"parent":0,"menu_order":0,"comment_status":"closed","ping_status":"open","template":"","meta":{"footnotes":""},"class_list":["post-2","page","type-page","status-publish","has-post-thumbnail","hentry"],"_links":{"self":[{"href":"https:\/\/lessourcescitoyennes.fr\/index.php\/wp-json\/wp\/v2\/pages\/2","targetHints":{"allow":["GET"]}}],"collection":[{"href":"https:\/\/lessourcescitoyennes.fr\/index.php\/wp-json\/wp\/v2\/pages"}],"about":[{"href":"https:\/\/lessourcescitoyennes.fr\/index.php\/wp-json\/wp\/v2\/types\/page"}],"author":[{"embeddable":true,"href":"https:\/\/lessourcescitoyennes.fr\/index.php\/wp-json\/wp\/v2\/users\/1"}],"replies":[{"embeddable":true,"href":"https:\/\/lessourcescitoyennes.fr\/index.php\/wp-json\/wp\/v2\/comments?post=2"}],"version-history":[{"count":13,"href":"https:\/\/lessourcescitoyennes.fr\/index.php\/wp-json\/wp\/v2\/pages\/2\/revisions"}],"predecessor-version":[{"id":965,"href":"https:\/\/lessourcescitoyennes.fr\/index.php\/wp-json\/wp\/v2\/pages\/2\/revisions\/965"}],"wp:featuredmedia":[{"embeddable":true,"href":"https:\/\/lessourcescitoyennes.fr\/index.php\/wp-json\/wp\/v2\/media\/688"}],"wp:attachment":[{"href":"https:\/\/lessourcescitoyennes.fr\/index.php\/wp-json\/wp\/v2\/media?parent=2"}],"curies":[{"name":"wp","href":"https:\/\/api.w.org\/{rel}","templated":true}]}}